{"id":97,"date":"2021-11-01T17:20:59","date_gmt":"2021-11-01T17:20:59","guid":{"rendered":"http:\/\/kelepuri.com\/?page_id=97"},"modified":"2021-11-17T23:14:23","modified_gmt":"2021-11-17T23:14:23","slug":"contacto","status":"publish","type":"page","link":"https:\/\/kelepuri.com\/index.php\/contacto\/","title":{"rendered":"Contacto"},"content":{"rendered":"\n<p>Nuestro equipo estar\u00e1 encantado de atenderle. <\/p>\n\n\n\n<p>Para ello  podr\u00e1 ponerse en contacto con nosotros en cualquier momento a trav\u00e9s de nuestra direcci\u00f3n de correo: <\/p>\n\n\n\n<p>info@kelepuri.com <\/p>\n\n\n\n<p>O Whatsapp al: <\/p>\n\n\n\n<p>606 205 816 \/ 635 126 793 \/ 679 534 120  <\/p>\n","protected":false},"excerpt":{"rendered":"<p>Nuestro equipo estar\u00e1 encantado de atenderle. Para ello podr\u00e1 ponerse en contacto con nosotros en cualquier momento a trav\u00e9s de nuestra direcci\u00f3n de correo: info@kelepuri.com O Whatsapp al: 606 205 816 \/ 635 126 793 \/ 679 534 120<\/p>\n","protected":false},"author":1,"featured_media":156,"parent":0,"menu_order":0,"comment_status":"closed","ping_status":"closed","template":"","meta":[],"_links":{"self":[{"href":"https:\/\/kelepuri.com\/index.php\/wp-json\/wp\/v2\/pages\/97"}],"collection":[{"href":"https:\/\/kelepuri.com\/index.php\/wp-json\/wp\/v2\/pages"}],"about":[{"href":"https:\/\/kelepuri.com\/index.php\/wp-json\/wp\/v2\/types\/page"}],"author":[{"embeddable":true,"href":"https:\/\/kelepuri.com\/index.php\/wp-json\/wp\/v2\/users\/1"}],"replies":[{"embeddable":true,"href":"https:\/\/kelepuri.com\/index.php\/wp-json\/wp\/v2\/comments?post=97"}],"version-history":[{"count":4,"href":"https:\/\/kelepuri.com\/index.php\/wp-json\/wp\/v2\/pages\/97\/revisions"}],"predecessor-version":[{"id":182,"href":"https:\/\/kelepuri.com\/index.php\/wp-json\/wp\/v2\/pages\/97\/revisions\/182"}],"wp:featuredmedia":[{"embeddable":true,"href":"https:\/\/kelepuri.com\/index.php\/wp-json\/wp\/v2\/media\/156"}],"wp:attachment":[{"href":"https:\/\/kelepuri.com\/index.php\/wp-json\/wp\/v2\/media?parent=97"}],"curies":[{"name":"wp","href":"https:\/\/api.w.org\/{rel}","templated":true}]}}